r of 688123?
False
Is 66 a factor of 2057714?
False
Is 521770 a multiple of 20?
False
Is 13 a factor of 429?
True
Is 645 a factor of 2238795?
True
Is 20 a factor of 316512?
False
Does 430 divide 8822739?
False
Does 319 divide 54648?
False
Is 674802 a multiple of 9?
True
Is 604942 a multiple of 6?
False
Is 37 a factor of 7535113?
False
Is 11 a factor of 15537863?
True
Is 27722 a multiple of 10?
False
Is 4 a factor of 85434?
False
Does 22 divide 3172342?
False
Does 4 divide 6686?
False
Is 373 a factor of 1076753?
False
Does 109 divide 551649?
True
Is 196781 a multiple of 100?
False
Is 13354088 a multiple of 335?
False
Is 1989 a multiple of 13?
True
Does 37 divide 8257?
False
Is 7511608 a multiple of 52?
True
Is 63978 a multiple of 16?
False
Does 23 divide 604785?
True
Does 458 divide 258945?
False
Does 29 divide 1607238?
True
Is 474524 a multiple of 186?
False
Is 81 a factor of 2439834?
False
Is 5319 a multiple of 27?
True
Is 20 a factor of 158900?
True
Does 25 divide 871625?
True
Is 1387256 a multiple of 93?
False
Is 507234 a multiple of 345?
False
Is 823 a factor of 481455?
True
Is 114 a factor of 137073?
False
Is 925934 a multiple of 97?
False
Is 6617160 a multiple of 180?
True
Is 2737462 a multiple of 178?
True
Is 71413 a multiple of 62?
False
Is 48 a factor of 171081?
False
Does 8 divide 316832?
True
Is 129 a factor of 2720106?
False
Is 664 a factor of 2114840?
True
Does 92 divide 22499?
False
Is 5 a factor of 11900?
True
Is 5659780 a multiple of 28?
True
Is 20 a factor of 2571565?
False
Is 3 a factor of 59631?
True
Is 72368 a multiple of 8?
True
Is 36 a factor of 5193648?
True
Is 239 a factor of 47083?
True
Is 427 a factor of 8184918?
False
Is 1347079 a multiple of 29?
True
Does 44 divide 3422640?
False
Is 384153 a multiple of 231?
True
Is 272 a factor of 956896?
True
Is 225556 a multiple of 56?
False
Does 9 divide 1491939?
True
Is 29 a factor of 136402?
False
Is 432252 a multiple of 118?
False
Is 20 a factor of 9609376?
False
Is 21 a factor of 190911?
True
Is 110 a factor of 307173?
False
Does 9 divide 1035309?
False
Does 49 divide 130095?
True
Is 108 a factor of 132084?
True
Is 4467956 a multiple of 127?
False
Is 82025 a multiple of 12?
False
Is 1266600 a multiple of 200?
True
Does 118 divide 8439832?
True
Does 924 divide 5843807?
False
Is 2 a factor of 5194?
True
Is 8 a factor of 48295?
False
Does 31 divide 10315870?
True
Does 20 divide 4978340?
True
Is 2587243 a multiple of 11?
False
Does 26 divide 1105156?
True
Is 39541 a multiple of 28?
False
Is 15 a factor of 34755?
True
Is 47 a factor of 95645?
True
Is 28 a factor of 12910850?
False
Is 144 a factor of 2006784?
True
Does 318 divide 419448?
False
Is 55 a factor of 1770081?
False
Does 22 divide 263521?
False
Is 542 a factor of 2392930?
True
Does 25 divide 352073?
False
Does 11 divide 397496?
True
Is 34 a factor of 462314?
False
Is 1037 a factor of 667628?
False
Does 12 divide 132499?
False
Is 74 a factor of 27255?
False
Is 38 a factor of 14553050?
True
Does 296 divide 12707576?
True
Is 334645 a multiple of 5?
True
Is 5728200 a multiple of 24?
True
Is 540558 a multiple of 18?
True
Does 3 divide 384147?
True
Does 1695 divide 9325717?
False
Is 11 a factor of 2747789?
True
Does 677 divide 674133?
False
Does 13 divide 1647536?
False
Is 272720 a multiple of 112?
True
Does 93 divide 166470?
True
Does 101 divide 296435?
True
Does 194 divide 1000955?
False
Is 4 a factor of 1621?
False
Is 24 a factor of 52343?
False
Is 13 a factor of 5083118?
False
Is 272 a factor of 183328?
True
Does 10 divide 3961480?
True
Is 1057 a factor of 2061150?
True
Does 5 divide 2177847?
False
Does 53 divide 291186?
False
Does 11 divide 1285437?
False
Is 3 a factor of 191322?
True
Is 235 a factor of 42107065?
True
Is 72362 a multiple of 30?
False
Is 40545 a multiple of 265?
True
Is 5534159 a multiple of 279?
False
Does 528 divide 2089824?
True
Is 61064 a multiple of 34?
True
Does 61 divide 18676614?
True
Is 198 a factor of 2538954?
True
Is 2768040 a multiple of 330?
True
Does 92 divide 193108?
True
Is 145 a factor of 11029228?
False
Is 31 a factor of 989034?
False
Is 3 a factor of 93252?
True
Is 344 a factor of 991270?
False
Is 157 a factor of 2533435?
False
Is 76 a factor of 6715664?
True
Is 90236 a multiple of 251?
False
Does 13 divide 277981?
False
Does 26 divide 7847015?
False
Is 64 a factor of 1037334?
False
Is 1420417 a multiple of 23?
False
Is 222 a factor of 505716?
True
Is 5180719 a multiple of 38?
False
Is 225542 a multiple of 24?
False
Does 757 divide 9122184?
False
Is 3318930 a multiple of 90?
True
Is 133 a factor of 237034?
False
Does 28 divide 936684?
True
Is 367521 a multiple of 77?
True
Is 7338896 a multiple of 286?
False
Is 374 a factor of 170544?
True
Does 312 divide 3023179?
False
Is 2658153 a multiple of 123?
True
Is 18660 a multiple of 6?
True
Is 50364 a multiple of 4?
True
Does 98 divide 2214016?
True
Is 14 a factor of 5281486?
True
Is 20 a factor of 700440?
True
Does 45 divide 93510?
True
Is 112 a factor of 112763?
False
Is 58 a factor of 1196018?
True
Is 2901343 a multiple of 97?
False
Is 42 a factor of 7233766?
False
Does 37 divide 507011?
True
Is 102442 a multiple of 405?
False
Is 102 a factor of 525289?
False
Is 263460 a multiple of 12?
True
Does 134 divide 362929?
False
Does 53 divide 3583027?
False
Is 23 a factor of 1080084?
False
Does 67 divide 833547?
True
Is 499215 a multiple of 23?
True
Is 16 a factor of 10602048?
True
Is 1947120 a multiple of 21?
True
Is 27 a factor of 44292?
False
Does 47 divide 2090382?
False
Is 3089951 a multiple of 19?
True
Does 89 divide 38537?
True
Is 11805634 a multiple of 29?
False
Is 4148160 a multiple of 232?
True
Does 75 divide 180525?
True
Is 402893 a multiple of 238?
False
Is 500403 a multiple of 222?
False
Is 62 a factor of 11930832?
False
Is 20 a factor of 277310?
False
Is 28 a factor of 72660?
True
Does 8 divide 101144?
True
Is 31 a factor of 275461?
False
Does 585 divide 85214?
False
Is 540720 a multiple of 18?
True
Is 4115474 a multiple of 84?
False
Is 1162 a factor of 6142582?
False
Is 198 a factor of 438966?
True
Is 276863 a multiple of 194?
False
Does 11 divide 15989017?
True
Does 33 divide 450549?
True
Does 38 divide 2352656?
True
Is 229 a factor of 77173?
True
Does 104 divide 13882960?
True
Does 1104 divide 6787392?
True
Is 20 a factor of 876791?
False
Is 20 a factor of 119120?
True
Is 53 a factor of 49845?
False
Is 803805 a multiple of 15?
True
Does 59 divide 949546?
True
Is 199 a factor of 891918?
True
Is 3518320 a multiple of 272?
True
Is 317 a factor of 622855?
False
Does 66 divide 19837?
False
Is 4500 a multiple of 2?
True
Does 12 divide 1035312?
True
Is 31 a factor of 4681?
True
Is 70 a factor of 5097128?
False
Is 39080 a multiple of 8?
True
Is 48 a factor of 132290?
False
Does 51 divide 293571?
False
Is 1274454 a multiple of 135?
False
Is 27 a factor of 185436?
True
Is 11 a factor of 8514?
True
Is 115854 a multiple of 34?
False
Is 114 a factor of 1569666?
True
Is 190004 a multiple of 374?
False
Does 992 divide 15435520?
True
Does 18 divide 174875?
False
Is 10 a factor of 5829550?
True
Is 48062 a multiple of 124?
False
Does 63 divide 485226?
True
Is 10 a factor of 50130?
True
Is 597461 a multiple of 252?
False
Is 52569 a multiple of 33?
True
Is 440417 a multiple of 715?
False
Is 50 a factor of 139778?
False
Is 5 a factor of 45705?
True
Is 12722851 a multiple of 234?
False
Does 846 divide 6333156?
True
Is 23 a factor of 7314?
True
Does 1437 divide 1559802?
False
Is 72 a factor of 6913054?
False
Is 19 a factor of 291707?
True
Is 149093 a multiple of 361?
True
Is 15 a factor of 5067948?
False
Is 105535 a multiple of 12?
False
Is 4091165 a multiple of 65?
True
Is 137965 a multiple of 243?
False
Does 126 divide 235245?
False
Is 1254026 a multiple of 686?
False
Is 1354927 a multiple of 364?
False
Is 247750 a multiple of 189?
False
Does 29 divide 108010?
False
Does 340 divide 111222?
False
Does 132 divide 173580?
True
Is 1200338 a multiple of 12?
False
Is 1529932 a multiple of 149?
True
Is 77185 a multiple of 8?
False
Is 90 a factor of 64620?
True
Is 366566 a multiple of 27?
False
Does 145 divide 478581?
False
Does 205 divide 223450?
True
Does 511 divide 986863?
False
Is 5724570 a multiple of 15?
True
Does 307 divide 216742?
True
Is 1808648 